{"id":359,"date":"2022-12-21T16:28:51","date_gmt":"2022-12-21T22:28:51","guid":{"rendered":"https:\/\/www.jgdesarrollos.mx\/tecnoge\/?page_id=359"},"modified":"2022-12-21T16:46:08","modified_gmt":"2022-12-21T22:46:08","slug":"aviso-de-privacidad","status":"publish","type":"page","link":"https:\/\/www.jgdesarrollos.mx\/tecnoge\/aviso-de-privacidad\/","title":{"rendered":"Aviso de privacidad"},"content":{"rendered":"<div class=\"wpb-content-wrapper\">[vc_row][vc_column]<h5 class=\"vcex-heading vcex-module wpex-text-2xl wpex-font-normal wpex-m-auto wpex-max-w-100 vcex-heading-plain wpex-block wpex-text-center\"><span class=\"vcex-heading-inner wpex-inline-block wpex-clr\">Aviso de Privacidad<\/span><\/h5>[\/vc_column][\/vc_row][vc_row][vc_column][vc_column_text]\n<h3><strong>Datos personales que recaba TECNO-GE y el no <\/strong><strong>tratamiento de datos personales sensibles<\/strong><\/h3>\n<p>Son los datos personales, ya sea de identificaci\u00f3n y\/o financieros y\/o profesionales proporcionados por usted de manera directa o por cualquier medio de contacto y\/o foro p\u00fablico de conexi\u00f3n en l\u00ednea relacionados con: Los servicios que presta TECNO-GE, servicios administrativos y diversos en general (en lo sucesivo y conjuntamente referidos como los Servicios y (ii) cualesquiera otros datos que se recaben de tiempo en tiempo con motivo de la prestaci\u00f3n de los Servicios. TECNO-GE no recaba ni trata datos personales sensibles.<\/p>\n<h3><strong>Finalidades primarias<\/strong><\/h3>\n<p>TECNO-GE tratar\u00e1 sus datos personales para llevar a cabo alguna o todas las actividades necesarias para el cumplimiento de las obligaciones que se originen y deriven de la relaci\u00f3n contractual y\/o comercial de la prestaci\u00f3n de los Servicios, facturaci\u00f3n y cobranza.<\/p>\n<h3><strong>Finalidades secundarias<\/strong><\/h3>\n<p>TECNO-GE tratar\u00e1 sus datos personales para llevar a cabo alguna o todas las finalidades secundarias como informarle del lanzamiento o cambios de nuevos productos, bienes, servicios, promociones y\/u ofertas de acuerdo a sus intereses; realizar estudios sobre h\u00e1bitos de consumo y de mercado, as\u00ed como para cualquier otra actividad tendiente a promover, mantener, mejorar y evaluar los Servicios. Si usted no desea que TECNO-GE trate sus datos personales para dichas finalidades secundarias por favor env\u00ede un correo electr\u00f3nico a <strong>hola@jgdesarrollos.mx<\/strong> Usted podr\u00e1 cambiar de opci\u00f3n en cualquier momento.[\/vc_column_text][\/vc_column][\/vc_row]\n<\/div>","protected":false},"excerpt":{"rendered":"<p>[vc_row][vc_column][\/vc_column][\/vc_row][vc_row][vc_column][vc_column_text] Datos personales que recaba TECNO-GE y el no tratamiento de datos personales sensibles Son los datos personales, ya sea de identificaci\u00f3n y\/o financieros y\/o profesionales proporcionados por usted de manera directa o por cualquier medio de contacto y\/o foro p\u00fablico de conexi\u00f3n en l\u00ednea relacionados con: Los servicios que presta TECNO-GE, servicios administrativos y&hellip;<\/p>\n","protected":false},"author":1,"featured_media":0,"parent":0,"menu_order":0,"comment_status":"closed","ping_status":"closed","template":"","meta":{"_joinchat":[],"footnotes":""},"class_list":["post-359","page","type-page","status-publish","hentry","entry","no-media"],"aioseo_notices":[],"_links":{"self":[{"href":"https:\/\/www.jgdesarrollos.mx\/tecnoge\/wp-json\/wp\/v2\/pages\/359","targetHints":{"allow":["GET"]}}],"collection":[{"href":"https:\/\/www.jgdesarrollos.mx\/tecnoge\/wp-json\/wp\/v2\/pages"}],"about":[{"href":"https:\/\/www.jgdesarrollos.mx\/tecnoge\/wp-json\/wp\/v2\/types\/page"}],"author":[{"embeddable":true,"href":"https:\/\/www.jgdesarrollos.mx\/tecnoge\/wp-json\/wp\/v2\/users\/1"}],"replies":[{"embeddable":true,"href":"https:\/\/www.jgdesarrollos.mx\/tecnoge\/wp-json\/wp\/v2\/comments?post=359"}],"version-history":[{"count":4,"href":"https:\/\/www.jgdesarrollos.mx\/tecnoge\/wp-json\/wp\/v2\/pages\/359\/revisions"}],"predecessor-version":[{"id":373,"href":"https:\/\/www.jgdesarrollos.mx\/tecnoge\/wp-json\/wp\/v2\/pages\/359\/revisions\/373"}],"wp:attachment":[{"href":"https:\/\/www.jgdesarrollos.mx\/tecnoge\/wp-json\/wp\/v2\/media?parent=359"}],"curies":[{"name":"wp","href":"https:\/\/api.w.org\/{rel}","templated":true}]}}